is -40a2 - 1?
-40a3
In base 13, what is 4 + -13cb?
-13c7
In base 10, what is -2 - 29499?
-29501
In base 9, what is 5 - 31211?
-31205
In base 13, what is -718 - -130?
-5b8
In base 14, what is 9cd - -3?
9d2
In base 4, what is 1312221 + -1?
1312220
In base 10, what is -825 - -247?
-578
In base 8, what is 64 + -2507?
-2423
In base 8, what is -746540 - -4?
-746534
In base 15, what is -60 + a604?
a594
In base 2, what is 101000 + -11010101?
-10101101
In base 4, what is 2 + -101320313?
-101320311
In base 4, what is 10 - 1333330?
-1333320
In base 15, what is e1 + 122?
213
In base 15, what is 3 + -5991?
-598d
In base 9, what is 8707 + 22?
8730
In base 10, what is 607977 + 5?
607982
In base 6, what is 152 - -1413254?
1413450
In base 12, what is -42b + 18b?
-260
In base 8, what is 561 + -6505?
-5724
In base 15, what is b + -56b5?
-56a9
In base 5, what is -3112 + 2011?
-1101
In base 9, what is 4 + 23304?
23308
In base 6, what is -201 + -254432?
-255033
In base 2, what is 101 + 100011000011011111?
100011000011100100
In base 9, what is 6 + 14411?
14417
In base 5, what is -4 + -1100334?
-1100343
In base 16, what is b - 1d93?
-1d88
In base 10, what is 2 - -9835?
9837
In base 11, what is -a952a + 0?
-a952a
In base 3, what is 121 - -11200111122?
11200112020
In base 4, what is -3300322 + -132?
-3301120
In base 8, what is 5 - 77?
-72
In base 8, what is -1 + -740003?
-740004
In base 2, what is -11 - 11000110010110011110?
-11000110010110100001
In base 16, what is -96 - -1fb?
165
In base 12, what is 46 - 500?
-476
In base 3, what is 20 - -2011211?
2012001
In base 2, what is 100100000011 + -101000?
100011011011
In base 14, what is 10a161 - 5?
10a15a
In base 13, what is -13982 + -4?
-13986
In base 13, what is -5 - 185?
-18a
In base 10, what is 2 - -27692?
27694
In base 15, what is 8da9 - 1?
8da8
In base 14, what is 0 - 11404?
-11404
In base 11, what is -1 - -204075?
204074
In base 12, what is 3853 + 4?
3857
In base 9, what is -31312 + 16?
-31285
In base 3, what is 211102222 + -11102?
211021120
In base 11, what is -1919 + 4?
-1915
In base 3, what is 2 + 10101220112?
10101220121
In base 16, what is 1 - -2a55?
2a56
In base 2, what is -110 + -110000011111010?
-110000100000000
In base 8, what is 5 - -167714?
167721
In base 16, what is a - -13d?
147
In base 12, what is -25a + -3?
-261
In base 8, what is -505 + 153?
-332
In base 4, what is -30303 + -112?
-31021
In base 11, what is -320 - 12a2?
-1612
In base 7, what is 56 - -345362?
345451
In base 16, what is 5 - ef30d?
-ef308
In base 7, what is 6 - -266602?
266611
In base 12, what is 32 - ab6?
-a84
In base 7, what is 36555 + -154?
36401
In base 4, what is 101123 + -332?
100131
In base 7, what is -20364 - 2?
-20366
In base 9, what is 25 + -4416?
-4381
In base 3, what is 12122000011 + 1?
12122000012
In base 16, what is -b - 3d35?
-3d40
In base 14, what is -36d - 173?
-502
In base 11, what is -359360 - 5?
-359365
In base 8, what is 2103 + -66?
2015
In base 6, what is -203 - 22150?
-22353
In base 4, what is 11 - -13000010?
13000021
In base 10, what is 9 - -7683?
7692
In base 8, what is 1563242 - 1?
1563241
In base 11, what is 21 + 42256?
42277
In base 14, what is 10cc + -63?
1069
In base 7, what is -41542 + 12?
-41530
In base 5, what is 2 + 304202?
304204
In base 2, what is -1 - -100100101111011110?
100100101111011101
In base 6, what is -2 + 205043?
205041
In base 2, what is -100000001000 - -10111101001?
-1000011111
In base 12, what is -6404 - -1?
-6403
In base 10, what is -167101 - 5?
-167106
In base 6, what is 2 + 253114?
253120
In base 11, what is 1072 - 321?
851
In base 8, what is -2261 + 15?
-2244
In base 7, what is 0 + -105032?
-105032
In base 16, what is -4 - -2d3dc?
2d3d8
In base 15, what is -1 - -5ddc?
5ddb
In base 11, what is 57590 + 3?
57593
In base 11, what is -239055 - -3?
-239052
In base 12, what is -6 + 52b31?
52b27
In base 16, what is 1fa - 704?
-50a
In base 10, what is 97510 - -1?
97511
In base 13, what is 19c8 + -33?
1995
In base 10, what is -3 + 111695?
111692
In base 16, what is a8e1 - -1e?
a8ff
In base 6, what is -2021042 + -1?
-2021043
In base 11, what is 75 + a0a8?
a172
In base 2, what is -10 + -101111010011?
-101111010101
In base 16, what is 1f - -8e11?
8e30
In base 15, what is 1a75 + -d?
1a67
In base 14, what is -1da7 - 1a?
-1dc3
In base 11, what is -65 - 165a?
-1714
In base 14, what is -9436 + 34?
-9402
In base 6, what is 4234 + 40?
4314
In base 6, what is -541234 + 100?
-541134
In base 3, what is 210020 + 201?
210221
In base 16, what is 1a43 - -4?
1a47
In base 16, what is 2 - 39f18?
-39f16
In base 8, what is -31 - 13711?
-13742
In base 8, what is 1073 + -6646?
-5553
In base 8, what is -5 + 300514?
300507
In base 6, what is 4 + -5041520?
-5041512
In base 10, what is 11743 + -122?
11621
In base 5, what is 20300 - -344?
21144
In base 6, what is -151 - -40403?
40212
In base 15, what is 4 - 7822?
-781d
In base 12, what is -4 - -99852?
9984a
In base 9, what is -28254 - 5?
-28260
In base 5, what is -20 - -1213443?
1213423
In base 9, what is -10343 + 0?
-10343
In base 7, what is 1301 - 1506?
-205
In base 7, what is -16562 - -15?
-16544
In base 8, what is -61 - 257?
-340
In base 5, what is 12 + -4144030?
-4144013
In base 10, what is -1 + -32270?
-32271
In base 9, what is 1 - 82867?
-82866
In base 14, what is -a + -c91b?
-c927
In base 5, what is -1 + 2310031?
2310030
In base 13, what is 4 + 85a6?
85aa
In base 5, what is -24431421 + 3?
-24431413
In base 16, what is -2 + 841a3?
841a1
In base 12, what is -59859 - -5?
-59854
In base 12, what is -883a + -b?
-8849
In base 2, what is -1001111111001111010 + 0?
-1001111111001111010
In base 16, what is 83567 - 0?
83567
In base 12, what is 1990b - 4?
19907
In base 9, what is -36 - 1126?
-1163
In base 10, what is -339917 - -2?
-339915
In base 12, what is 1738 - a?
172a
In base 15, what is -1 + 7ad7?
7ad6
In base 8, what is -4 + -26335?
-26341
In base 16, what is -1 - 2523d?
-2523e
In base 11, what is -3 - -4024?
4021
In base 14, what is -34097 + -1?
-34098
In base 9, what is -7 - 35674?
-35682
In base 15, what is -4d + 944?
8e6
In base 9, what is -3 + 2330?
2326
In base 9, what is -23175 + 27?
-23147
In base 9, what is 5587 + -32?
5555
In base 16, what is 4 + -3767?
-3763
In base 4, what is 12001 - 1033103?
-1021102
In base 10, what is 38 - -36004?
36042
In base 11, what is 3aa - 140?
26a
In base 5, what is -403 + -4002?
-4410
In base 6, what is 133 - 21312?
-21135
In base 14, what is -16 - -da8?
d92
In base 6, what is 422252 - -2?
422254
In base 9, what is 3634 - -53?
3687
In base 14, what is -886675 + -4?
-886679
In base 2, what is -11011000101111 - -1001?
-11011000100110
In base 16, what is 98e - 18?
976
In base 9, what is 468 - -866?
1445
In base 13, what is -4b5 - 3c?
-524
In base 10, what is -70 - -67?
-3
In base 11, what is -8 + 48690?
48683
In base 9, what is -2 + 14553?
14551
In base 15, what is 0 - c23?
-c23
In base 13, what is 38858 - -7?
38862
In base 13, what is -1203 - -25?
-11ab
In base 8, what is -10 - 6206?
-6216
In base 2, what is 1110111111100 - -11000001?
1111010111101
In base 6, what is -151 - 3241?
-3432
In base 15, what is 1bd - 10b6?
-de8
In base 11, what is -59a0 - 5?
-59a5
In base 16, what is 39 + 2fc?
335
In base 2, what is 100001 + 11110100000100?
11110100100101
In base 12, what is 4 + -514144?
-514140
In base 3, what is 21221211211 - 10?
21221211201
In base 14, what is -da6 - -202?
-ba4
In base 5, what is -43 - -11320?
11222
In base 9, what is -53 - -16230?
16166
In base 6, what is -32213 + 12?
-32201
In base 7, what is 432 - -6360?
10122
In base 8, what is 112343 + 1?
112344
In base 9, what is 14022 - 1?
14021
In base 8, what is -1 + 4022?
4021
In base 9, what is 778 - 17671?
-16782
In base 7, what is -463062 - -5?
-463054
In base 11, what is -571a - 12?
-5731
In base 11, what is -12 - -34251?
3423a
In base 3, what is 100 - 1000210202?
-1000210102
In base 7, what is 10363 + 5162?
15555
In base 3, what is -1 + -120022121120?
-120022121121
In base 11, what is -5 - -20a5a4?
20a59a
In base 11, what is 4 - 16425?
-16421
In base 7, what is 5 - -2565500?
2565505
In base 9, what is 15 + 1088?
1114
In base 14, what is -5 + -916d?
-9174
In base 10, what is -38526 + 23?
-38503
In base 16, what is -5b8 - 34?
-5ec
In base 10, what is -2747 + 1911?
-836
